e d(-6). Let v(h) = -17*h**2 - h + 5. Let a(y) = -3*y**2 - y + 2. Let u(j) = 6*a(j) - v(j). Give u(l).
1
Let t(c) = -14*c**2 + 27*c - 13. Let r(o) = 5*o**2 - 10*o + 4. Let g(m) = -17*r(m) - 6*t(m). Calculate g(10).
-10
Let o(a) = 2*a - 1. Let p(s) = -2*s**3 + 7*s**2 - 5*s + 7. Let l(i) = 4*o(i) + p(i). Give l(4).
-1
Let a(b) = -31*b**2 + b**3 + 20*b**2 + 3 + 13*b**2 + 3*b. Let h be (-2)/((2/(-3))/(-1)). Determine a(h).
-15
Let h(d) = 1 + 66*d - 185*d + 55*d + 6*d**3 - 2*d**2 + 64*d. Calculate h(1).
5
Let j(b) = 7*b**2 - 3*b - 3. Let o(a) = 3*a**2 - a - 2. Let i(v) = -2*j(v) + 5*o(v). Suppose -3*d = -5*d. Determine i(d).
-4
Let p(s) = -3 + 1 + 8*s - 2*s - s. Let z(t) = -9*t**2 + 2*t - 1. Let u be z(1). Let x(r) = r**2 + 7*r - 10. Let a be x(u). Determine p(a).
-12
Let l(a) = 4*a**3 + 2*a**2 + 8*a. Let g(j) = -7*j**3 - 3*j**2 - 14*j. Let c(p) = -3*g(p) - 5*l(p). Calculate c(0).
0
Let d(s) = 1 + 0*s**2 + 4*s + 2*s**2 - 13*s**3 + 25*s**3 - 2*s - 17*s**3. Calculate d(-1).
6
Let m(t) = -1. Let l(h) = -8*h + 4. Let y be -3*(2/2 - 0). Let i(f) = y*m(f) - l(f). Calculate i(1).
7
Let z(o) = o**3 - 2*o**2 - 4. Let q(w) = w**2 - 7*w + 12. Suppose -12*n + 7*n = -25. Let v be q(n). Suppose 5*m = v*b + 7 - 38, 4*m = -20. Determine z(b).
5
Let c(k) = k + 1. Let d = 81 + -15. Let z = -59 + d. Calculate c(z).
8
Let f be 1/(-1)*3/(-6)*2. Let c(y) = 9*y**2 - 10*y + 11. Let z(v) = v**3 - v - 1. Let h(t) = f*c(t) - z(t). Determine h(8).
4
Suppose -2*d + 15*d = 21*d - 24. Let y(l) = -6*l - 7. Let q(t) = t + 1. Let w(p) = -10*q(p) - 2*y(p). Calculate w(d).
10
Let d = 1472 + -1467. Let y(r) = 4*r + 4. What is y(d)?
24
Let g = -206 - -210. Let j(c) be the third derivative of c**6/120 - c**5/20 - c**4/8 - c**3/2 - 5*c**2. Determine j(g).
1
Let v = -70 + 29. Let h = 45 + v. Suppose 3*q + 3 + 8 = -5*n, h*q = -n + 8. Let d(b) = b**2 - 2*b + 4. Determine d(q).
7
Let z(j) = 2*j + 5. Suppose -7*q + 18 = 53. Give z(q).
-5
Let z(c) = 2*c**3 + c**2 - 2*c - 1. Let u be z(2). Let p = u + -14. Let y(o) = o**3 - o - 2. Let m(j) = j**2 - j. Let n(i) = p*y(i) - 2*m(i). Give n(3).
10
Let s(t) = -2*t + 3*t - 2*t + 2. Let n be 24/4 - (0 + 8). Determine s(n).
4
Let i(g) = g + 1. Let f = 21 + -22. Let k(x) = -4*x - 14. Let d(p) = f*k(p) - 5*i(p). Let m = 17 - 12. What is d(m)?
4
Let g be 2044/49 - 2/(-7). Let l(z) = -g + 40 + 2*z**2 + 5*z - 3*z**2. Suppose 9 = -12*n + 15*n. Determine l(n).
4
Let u(b) = b**3 - 3*b**2 - b - 1. Let a(x) = 6*x**3 - 6*x**2 - 2*x - 3. Let l(t) = a(t) - 3*u(t). What is l(-2)?
-14
Let g(z) = -z**2 - 2 - 28*z + 31*z + 2*z**2 - 4*z**2. What is g(2)?
-8
Let u(a) = -a**2 - 8*a - 7. Suppose -7*d + 30 = -2*d. Let g be d*(1 - 2)/(1 - 0). Determine u(g).
5
Let c(a) = -2*a + 7. Suppose 5*g - 266 = -286. Determine c(g).
15
Let u(o) = o**2 + 2*o + 4. Let a(t) = -5*t**3 + 3*t**2 + 6*t + 6. Let y(s) = a(s) - 2*u(s). What is y(1)?
-4
Suppose 0 = -4*x - 26 + 10. Let a(k) = 2*k - 18. Let w(f) = 5*f - 39. Let o(q) = -7*a(q) + 3*w(q). Determine o(x).
5
Let n = -24 - -31. Suppose n + 11 = z + 5*c, 2*z = -c + 9. Let a(o) = -59*o + o**2 - 1 + 2*o**z + 59*o. Calculate a(-1).
-2
Let w(p) = 0*p**2 + 3*p**2 + p**3 - 7*p + 0*p**3 + 2*p**2 - 37 + 28. What is w(-6)?
-3
Suppose -m = p, 5*p + 6 = 3*m - 34. Let c(q) = q**2 - 8*q + 7*q - 4*q + q. Give c(m).
5
Let y(i) be the second derivative of -i**4 + i**3/6 + i + 162. Calculate y(-2).
-50
Let k(b) be the first derivative of -7*b**3/3 - b - 15. Let z = 14 + -19. Let v = 4 + z. What is k(v)?
-8
Let i(v) = 11 + 8 - 16 + v. Give i(0).
3
Let i(s) = -s**2 - 4*s + 30. Let h be i(-8). Let l be (-7)/((-28)/20) + h. Let w(y) = -y + 5. Calculate w(l).
2
Suppose -8*r + 2*r + 6 = 0. Let d(w) = w**2 + 3*w - 2. Calculate d(r).
2
Suppose -209*o + 2*t = -205*o - 16, 3*o - 12 = -t. Let m(a) = a**3 - 7*a**2 + 5*a. Give m(o).
-28
Let o(m) = -m**3 - m**2 + 11. Let j(a) = a**2 - 3*a - 4. Let t be j(3). Let g be (2 - (-2 + 0)) + t. Calculate o(g).
11
Let o(b) = -4*b + 7. Suppose -24*f + 34*f - 50 = 0. Give o(f).
-13
Let p = 58 - 58. Suppose 5*r - 14 - 21 = p. Let q(y) = y**2 - 6*y. What is q(r)?
7
Let z = 126 + -89. Let u = 39 - z. Let h(c) = c**2 - 3*c + 1. Give h(u).
-1
Suppose -5*t = -1 - 19. Suppose 5*f - o = 23, -2*o = -t*f + 16 + 6. Let v be 3 - 1/(f/20). Let l(w) = 2*w**2 + 4*w + 3. Determine l(v).
3
Let n(b) = -7*b + 8*b - 2 + 11. Let i = 46 - 34. Let r = i - 18. What is n(r)?
3
Let k(y) be the first derivative of -y**3 - 7*y**2/2 - 4*y + 265. Give k(-4).
-24
Let w(n) = n**3 - 3*n**2 - 6*n + 12. Let u be w(4). Suppose u*b - 2 = 3*b. Let g(t) = 3*t + 5*t**2 - t**3 - 106 + b*t + 105. Calculate g(6).
-7
Let s = -19 + 21. Let y(t) = -2*t**3 - 6 + 2 + 3 + 8*t**s + t - 7*t**2. What is y(2)?
-11
Suppose -3*o - 7 = -2*o + 3*k, k - 3 = 5*o. Let l(f) = 17*f**3 + f**2 - 1. Calculate l(o).
-17
Let n(v) = -v + 11 - 36 + 0*v. Let m(w) = w + 27. Let g(f) = 4*m(f) + 5*n(f). Calculate g(0).
-17
Let g(v) = v**2 + 8*v - 3. Let r = -29 - -32. Suppose -3*z = 2*p + p + 12, r*z + p = -18. Determine g(z).
-10
Let k = 379 + -371. Let x(s) be the second derivative of 0 - 1/12*s**4 - 1/2*s**2 + 1/3*s**3 - k*s. What is x(3)?
-4
Let l(t) be the first derivative of t**2 - 1. Suppose 25 = -5*m - 20. Let o = -11 - m. Determine l(o).
-4
Let q(y) = -y - 8. Suppose -35 = 4*r - d, -4*d = r + 3 + 10. Let b be q(r). Let h(l) = l**3 - b + 0*l + 4*l**2 + 4 - l. Give h(-4).
7
Let z(a) = 2*a**2 - 10*a - 1. Let n(d) = 3*d**2 - 11*d - 1. Let q(o) = -3*n(o) + 4*z(o). Let h(v) = -v - 6. Let x be h(0). What is q(x)?
5
Let v(c) = c**3 + 5*c**2 + 2*c + 6. Let q be 1*(-1 + (1 - -1)). Let z(b) = -3*b**3 - 1. Let f be z(q). Let p(w) = w - 1. Let d be p(f). Give v(d).
-4
Suppose -2*x - 2 = -x. Let f be ((-900)/210)/((-1)/(-7)). Let j be f/20 - 3/x. Let r(z) = -z - 3. Give r(j).
-3
Let u(q) be the second derivative of -q**8/6720 - q**7/252 - q**6/80 - q**5/30 + 2*q**4/3 + 14*q. Let v(p) be the third derivative of u(p). Determine v(-9).
-4
Let l(c) = -c**3 - 7*c**2 - c - 5. Let u(f) = -f + 6*f - 8*f + f**3 + 0 + 1 + f**2. Let y be u(2). Suppose -y = 2*w - w. Calculate l(w).
2
Let i(k) = -25*k**3 + 53*k**3 + 2*k - 29*k**3 + 4. What is i(-2)?
8
Let y(a) = -241 - 4*a**2 + 472 - 232 + 3*a. What is y(4)?
-53
Let n = -19 + 10. Let j(p) = p**3 + 8*p**2 - 7*p + 3. What is j(n)?
-15
Let r(w) = -w**3 + 5*w**2 - w + 6. Let v = 12 + -12. Suppose v = -2*j + 6*j + 24. Let c be 5/((-3 - j) + -2). What is r(c)?
1
Let w(h) be the second derivative of h**3/2 - 4*h**2 - 2*h + 35. Calculate w(8).
16
Let a(c) = -6*c**2 + 7*c**2 + 3*c**2 - 6*c + 30*c**3 + 0*c**2 - 29*c**3. Let p(h) = -h**3 + 2*h**2 - 4*h + 3. Let v be p(2). What is a(v)?
5
Let j(b) = 96*b - 4 - 49*b - 48*b. Suppose 45 = 2*c + 3*c. Let w(r) = -r**2 + 8*r + 13. Let u be w(c). What is j(u)?
-8
Let p(n) be the second derivative of -n**5/20 - 27*n. Let o(d) = -d**3 - 5*d**2 + 6*d - 3. Let t(k) = -o(k) + 2*p(k). Calculate t(4).
-5
Suppose 29*k - 28*k = -6. Let f(t) = t**3 + 5*t**2 - 9*t - 2. Determine f(k).
16
Let h(n) = -7*n**3 + 7*n**2 + 3*n - 13. Let z(x) = 19*x**3 - 20*x**2 - 7*x + 38. Let w(c) = -11*h(c) - 4*z(c). Calculate w(-4).
-5
Let q(t) = -3*t**3 + t**2 - t - 25. Let w(v) = 5*v**3 - 2*v**2 + 2*v + 49. Let j(x) = 7*q(x) + 4*w(x). Suppose 0*u - 2*u - 3*u = 2*u. Calculate j(u).
21
Let j(n) = n + 1. Let m = 43 - 35. Suppose 2*s - 3*d + 4 = 27, 4*d = -3*s - m. Calculate j(s).
5
Let h be (-2 + (1 - 1))*3. Let t(f) = 3*f - 2*f + 6*f**2 + 49*f**3 + 1 - 101*f**3 + 53*f**3. Determine t(h).
-5
Let t(q) = -2*q**2 - 13 + 5*q + 14 + 0*q - 4*q + 5*q**2. What is t(-1)?
3
Let q(p) be the third derivative of 1/24*p**4 + 1/3*p**3 + 0 - 9*p**2 + 0*p. What is q(2)?
4
Let n(y) be the third derivative of y**4/24 - 2*y**3/3 - 6*y**2 - 2*y. Let w be 1 + (1 - 1 - -2). Give n(w).
-1
Let h(j) = -j**2 - 6*j + 5. Let n be -4*(1 - 0) + 0. Determine h(n).
13
Let h(c) be the first derivative of -c**2/2 - c - 1. Let f(s) = -55*s + 111. Let i be f(2). Determine h(i).
-2
Let n(r) = 4*r**3 - 4*r**2 + 4*r - 2. Let a be n(2). Let p(f) = f**2 - a*f + 43*f - 19*f. Suppose -10 = 2*j + 3*j. Determine p(j).
0
Let i = -5 - -9. Suppose i*m = -4*u + 3*m + 17, -5*u = -m - 10. Let h(w) = -w**2 + 3*w - 1. Let g be h(u). Let r(k) = 7*k + 1. Give r(g).
-6
Let n(h) = -2*h**3 + 3*h**2 + 3*h**3 - 6 + 2*h + 3*h